, 5, 7, 11
Suppose -5*f = 3*c - 23, -f + 3 = c + 3*f. Let g = 48 - c. What are the prime factors of (g/(-1))/((-18)/18)?
37
Let i = -66 + 123. Let a = 7 + i. List the prime factors of a.
2
Suppose -4*s = -4*h - 2*s + 11820, 3*h - 2*s = 8863. What are the prime factors of h?
2957
Let k(o) = o**3 - o**2 - 5*o. Let i(g) = g**3 + 9*g**2 - g + 1. Let z be i(-9). Suppose -z = -4*v + 6. What are the prime factors of k(v)?
2, 7
Suppose 4*w + 16 = 4*d, 0*w = 2*d - 3*w - 3. Suppose 4 = 10*q - d*q. Suppose -u + 20 = q. What are the prime factors of u?
2
Let b = -343 - -125. Let y = -141 - b. List the prime factors of y.
7, 11
Let l be (-1)/6 - 213/18. Let u be 141/(-12) - 9/l. Let j = 10 - u. List the prime factors of j.
3, 7
Let j(k) = 3*k**2 + 41*k - 32. List the prime factors of j(-17).
2, 3, 23
Let b(j) be the third derivative of 1/6*j**4 - 2*j**2 - 2/3*j**3 + 0 + 1/120*j**6 - 1/30*j**5 + 0*j. List the prime factors of b(3).
17
Let s = -600 - -925. What are the prime factors of s?
5, 13
Suppose -5*z + 2*i + 8721 = -2*i, 4*i - 5207 = -3*z. List the prime factors of z.
1741
Let y = 1 + 10. Suppose -y*z = -6*z. Suppose 2*w = o - 36, -2*o + z*o + 5*w + 69 = 0. What are the prime factors of o?
2, 3, 7
Let g = 14 - 13. List the prime factors of (g + -7)/((-2)/6).
2, 3
Let p = 72 + 84. Let b = p - 54. What are the prime factors of b?
2, 3, 17
Suppose -28 = -17*d + 15*d. Suppose -d*s = -16*s + 184. List the prime factors of s.
2, 23
Let l be ((-22)/99)/((-2)/18). Suppose -228 = -4*s + 4*c, -s + l*c + 62 = -0*s. What are the prime factors of s?
2, 13
Suppose -12*w + 8*w + 24 = 0. What are the prime factors of w?
2, 3
Suppose -3*q = -3*a + 6, -2 + 0 = 5*a - 2*q. Let s(r) = 5*r**2 + 2*r - 2. List the prime factors of s(a).
2, 7
Let m be (-1789)/(-4) + 1/(-4). Suppose 3*c + m = 5*y, -3*c = y + 2*c - 95. What are the prime factors of y?
2, 3, 5
Let z(b) = b**3 + 23*b**2 - 25*b + 6. What are the prime factors of z(-21)?
3, 157
Suppose 5*w + 0 = -0. Suppose 0 = -7*t - w*t + 896. List the prime factors of t.
2
Let t(f) = f + 2. Let n be t(7). Suppose -6*a - 3 = n. List the prime factors of (8/(-6))/(a/27).
2, 3
Let y(n) = 23 - 5*n + 26 + 2*n - 2*n. List the prime factors of y(-22).
3, 53
Suppose -4*q = 5*l - 412 - 53, -2*q + 4*l + 226 = 0. List the prime factors of q.
5, 23
Let f = 72 - 32. Suppose -5*p + r = -78, -3*p - 4*r - 7 = -f. Suppose p*y - 10*y = 105. What are the prime factors of y?
3, 7
Let n = -8 + 10. Suppose 0 = -n*q + 124 + 302. What are the prime factors of q?
3, 71
Let d(v) = v**3 + 12*v**2 - 9*v + 18. Let h be d(-13). Let g = -32 - h. Suppose 3*z - 220 = -9*o + 4*o, -o = -g*z + 151. List the prime factors of z.
3, 5
Suppose z = 5*x + 202, -535 = -3*z - 2*x + 105. List the prime factors of z.
2, 53
Let l = -108 - -123. What are the prime factors of (4*45)/3*78/l?
2, 3, 13
Let y(a) = a**2 + 2*a - 16. Let n be y(-6). Suppose 178 = 10*l - n*l. List the prime factors of l.
89
Suppose -2*c = -3*c + 31. Let n = -9 + c. Let s = n + -16. List the prime factors of s.
2, 3
Let u(a) be the second derivative of -a**5/20 + 5*a**4/6 + 7*a**3/6 + 11*a**2 - 32*a. What are the prime factors of u(10)?
2, 23
Suppose -3*w = -7 + 22. Let c = w - -72. What are the prime factors of c?
67
Let p = 29 - 24. Suppose -6*k + k - p*b = -180, -2*k - b = -67. Suppose 0 = h - 24 - k. What are the prime factors of h?
5, 11
Suppose 6*d + 5*c = 10*d - 1100, 3*d - 830 = 5*c. What are the prime factors of d?
2, 3, 5
Let g(y) be the third derivative of 0*y + 0 + 1/6*y**4 - 7*y**2 + 1/30*y**5 + 1/3*y**3. List the prime factors of g(-4).
2, 3
Let w = -9 - -65. Suppose -3*t + w + 205 = 0. List the prime factors of t.
3, 29
Let p(t) = 3*t**2 + 23*t + 32. What are the prime factors of p(-16)?
2, 3
Let b(h) = -4*h**2 - 11*h - 14. Let s be b(-2). Suppose 5*y = 0, 4*m - 1 = y - 5. What are the prime factors of 58*4/s*m?
29
Let z(c) = 4*c**2 + 8*c + 119. List the prime factors of z(-10).
439
Suppose -4*r + 14656 = 3*o, -r - 5*o + 2335 = -1329. List the prime factors of r.
2, 229
Let t = 1785 + 27. What are the prime factors of t?
2, 3, 151
Let b be -3 + (-1)/(3/(-6)) + 10. Suppose 2*v - v - 1 = 5*j, 0 = -4*v + 4*j + 4. Let w = v + b. What are the prime factors of w?
2, 5
Suppose -11*a - 5*a + 240 = 0. What are the prime factors of a?
3, 5
Let v(z) = -z + 8. Let a be v(4). Suppose -l = -u - a*u + 15, -u + l = 1. Suppose u = w, -3*x + 4*w + w + 121 = 0. What are the prime factors of x?
47
Let y(m) = -6*m**2 - m + 1. Let b be y(-2). Let n be 9/(-21) + (-807)/b. Suppose -q + 2*q = n. List the prime factors of q.
2, 19
Let p(f) = 13*f**3 - 3*f**2 - 2*f. List the prime factors of p(5).
2, 5, 7, 11
Let a be 3 + 170/15 + (-2)/6. What are the prime factors of 443/7 - 4/a?
3, 7
Let u(s) = 87*s**2 + 10*s + 4. List the prime factors of u(-2).
2, 83
Let y(x) be the first derivative of -x**2/2 + 2*x - 3. Let h be y(2). Suppose h = -5*q + 127 - 12. List the prime factors of q.
23
Let r = -5 + 6. Let o be 3*r/(-1) + -35. Let c = o - -57. List the prime factors of c.
19
Let x(f) = -4 + 19 - f + 0. List the prime factors of x(9).
2, 3
Let k = -10 + 10. Let q be k + 2 - 3/1. What are the prime factors of q/((-3)/57) + -3?
2
What are the prime factors of (-32)/7 + (-69)/161 - -45?
2, 5
Suppose -4*g = -3*c - 9, 4*g + 5*c = g - 15. Suppose g*r - 6 = -2*r. Suppose -4*h - 2*v = r*v - 121, 5*h - 3*v - 142 = 0. List the prime factors of h.
29
Let t = 24 - -1. Suppose -6*m + t - 1 = 0. Suppose -i - m*k + 58 = 0, i - 2*k - 67 = 3*k. What are the prime factors of i?
2, 31
Suppose 3*y + 0*y + 235 = 2*g, 0 = -y - g - 80. Let n = -70 - y. List the prime factors of n.
3
Let m be (-1 - (-3 + 1)) + 2 + -2. What are the prime factors of -3*(-12)/m - 3?
3, 11
Let s(c) = 9*c. Let r be s(1). Let h(j) = j + 5. Let d be h(r). Suppose -2*p = -4*f + 15 + 5, -2*f - d = 5*p. List the prime factors of f.
3
Suppose 0 = 5*z - m - 15, 2*z - 2*m - 2 = 4. Suppose 1 = -z*h + 13. Suppose -o = h*o - 20. What are the prime factors of o?
2
Suppose x + 4 = 2*x. Suppose -2*q = -x*r + 246, -2*r - 2*q + 6*q + 114 = 0. What are the prime factors of r?
3, 7
Let w be 0*(-5)/(-15) + -63. Let m = -35 - w. What are the prime factors of m?
2, 7
Let p = 1261 - 568. What are the prime factors of p?
3, 7, 11
Suppose 5*h - 3*o - 475 = 0, -2*h - 2*o - 102 = -3*h. Suppose -l + h = 3*w + l, 0 = 3*w - l - 80. What are the prime factors of w?
2, 7
Let m(w) = w + 1. Let s(c) = -2*c - 4. Let g(x) = -3*m(x) - s(x). List the prime factors of g(-1).
2
Let f be 8/(-20) - (-1426)/(-10). Let g = -63 - f. What are the prime factors of g?
2, 5
Suppose 23 = -2*k + 15. What are the prime factors of (28/(-35))/(0 - k/(-410))?
2, 41
Let u be (-5)/(30/(-576))*6/8. Suppose -f + 0 - 6 = -2*y, 5*y = 3*f + 16. Suppose 124 = w + w + s, y*s = w - u. What are the prime factors of w?
2
Let x = 94 - 0. Suppose -2*l + 254 = x. List the prime factors of l.
2, 5
Let i(s) = s**2 + 2*s + 5. Let v be i(-2). Suppose -v*j = -0*j - 385. What are the prime factors of j?
7, 11
Let a be 4/(-4)*(-2 + -5). Let c(o) = 2*o**2 - 3*o - 8. What are the prime factors of c(a)?
3, 23
Suppose -5*m + 10 = -5*g, 0*m - g = 2*m - 10. Suppose 36 = 2*o - 3*f - 116, -m*f = -3*o + 229. What are the prime factors of o?
79
Let p = -2964 + 4550. List the prime factors of p.
2, 13, 61
Let t = 2 - 1. Let l(u) = u**3 + 10*u**2 + 19*u + 10. Let g be l(-8). Let n = t - g. What are the prime factors of n?
3, 5
Let j(b) be the first derivative of -b**4/4 - 2*b**3/3 - 3*b**2/2 - 6*b - 3. Let n be (-28)/21*(7 + -2 - 2). What are the prime factors of j(n)?
2, 19
Let s = 547 + 780. What are the prime factors of s?
1327
Let c(m) = -m**2 + 4*m + 13. Let a be c(6). Suppose -3*n + a = 10. What are the prime factors of (-22)/(n - (-15)/6)?
2, 11
List the prime factors of ((-12)/16)/(20/(-62400)).
2, 3, 5, 13
Let a(l) = l**3 - 8*l**2 + l + 10. Suppose 0 = -3*u + 13 + 11. Let b be a(u). List the prime factors of ((-40)/24)/((-15)/b).
2
List the prime factors of 5 - (4 - 1) - (-3230)/10.
5, 13
Suppose 16 - 159 = -p + 2*v, 0 = -4*p + 4*v + 568. What are the prime factors of p?
3, 47
Let i be (-1)/2 - -1*6/4. Suppose p = -4*b - 31, 7*b - 2*b + 38 = -p. Let t = i - b. What are the prime factors of t?
2
Suppose -2*o = -w - 362, 0 = -203*o + 204*